by 26.
22
Calculate the remainder when 828 is divided by 165.
3
What is the remainder when 12315 is divided by 110?
105
Calculate the remainder when 329 is divided by 37.
33
What is the remainder when 107 is divided by 11?
8
What is the remainder when 14522 is divided by 25?
22
Calculate the remainder when 44 is divided by 13.
5
Calculate the remainder when 658 is divided by 586.
72
Calculate the remainder when 131 is divided by 70.
61
What is the remainder when 205 is divided by 53?
46
Calculate the remainder when 192 is divided by 55.
27
What is the remainder when 85 is divided by 30?
25
Calculate the remainder when 1059 is divided by 56.
51
What is the remainder when 414 is divided by 32?
30
Calculate the remainder when 346 is divided by 167.
12
Calculate the remainder when 1823 is divided by 73.
71
Calculate the remainder when 1435 is divided by 85.
75
What is the remainder when 1058 is divided by 118?
114
What is the remainder when 3230 is divided by 101?
99
What is the remainder when 178 is divided by 60?
58
What is the remainder when 322 is divided by 34?
16
What is the remainder when 230 is divided by 77?
76
Calculate the remainder when 3365 is divided by 13.
11
What is the remainder when 258 is divided by 38?
30
Calculate the remainder when 15 is divided by 5.
0
What is the remainder when 99 is divided by 46?
7
What is the remainder when 705 is divided by 97?
26
Calculate the remainder when 1383 is divided by 138.
3
What is the remainder when 107 is divided by 29?
20
Calculate the remainder when 8 is divided by 5.
3
What is the remainder when 3417 is divided by 3400?
17
Calculate the remainder when 254 is divided by 45.
29
Calculate the remainder when 138 is divided by 44.
6
Calculate the remainder when 746 is divided by 105.
11
What is the remainder when 507 is divided by 254?
253
What is the remainder when 895 is divided by 886?
9
Calculate the remainder when 1198 is divided by 50.
48
What is the remainder when 2795 is divided by 12?
11
What is the remainder when 124 is divided by 25?
24
Calculate the remainder when 27 is divided by 16.
11
Calculate the remainder when 5982 is divided by 51.
15
Calculate the remainder when 849 is divided by 46.
21
What is the remainder when 205 is divided by 11?
7
What is the remainder when 96 is divided by 10?
6
Calculate the remainder when 3089 is divided by 760.
49
What is the remainder when 501 is divided by 234?
33
Calculate the remainder when 4267 is divided by 70.
67
What is the remainder when 354 is divided by 108?
30
What is the remainder when 73 is divided by 13?
8
What is the remainder when 1494 is divided by 232?
102
What is the remainder when 33196 is divided by 6?
4
Calculate the remainder when 50 is divided by 16.
2
What is the remainder when 2117 is divided by 40?
37
Calculate the remainder when 351 is divided by 119.
113
Calculate the remainder when 1335 is divided by 4.
3
What is the remainder when 556 is divided by 43?
40
What is the remainder when 7719 is divided by 66?
63
What is the remainder when 248 is divided by 68?
44
Calculate the remainder when 315 is divided by 12.
3
What is the remainder when 690 is divided by 21?
18
Calculate the remainder when 79 is divided by 8.
7
What is the remainder when 1883 is divided by 40?
3
What is the remainder when 7991 is divided by 54?
53
Calculate the remainder when 68 is divided by 13.
3
Calculate the remainder when 123 is divided by 17.
4
Calculate the remainder when 269 is divided by 17.
14
What is the remainder when 338 is divided by 20?
18
What is the remainder when 115 is divided by 44?
27
Calculate the remainder when 98 is divided by 26.
20
Calculate the remainder when 24 is divided by 5.
4
What is the remainder when 4523 is divided by 73?
70
What is the remainder when 73 is divided by 27?
19
What is the remainder when 954 is divided by 156?
18
What is the remainder when 292 is divided by 291?
1
What is the remainder when 1158 is divided by 87?
27
Calculate the remainder when 544 is divided by 317.
227
What is the remainder when 477 is divided by 30?
27
What is the remainder when 1160 is divided by 9?
8
Calculate the remainder when 2307 is divided by 10.
7
Calculate the remainder when 150 is divided by 18.
6
What is the remainder when 1164 is divided by 91?
72
What is the remainder when 19 is divided by 8?
3
Calculate the remainder when 230 is divided by 29.
27
Calculate the remainder when 468 is divided by 5.
3
Calculate the remainder when 1311 is divided by 73.
70
What is the remainder when 1609 is divided by 7?
6
Calculate the remainder when 22 is divided by 12.
10
What is the remainder when 577 is divided by 53?
47
Calculate the remainder when 436 is divided by 219.
217
Calculate the remainder when 4370 is divided by 437.
0
Calculate the remainder when 54 is divided by 3.
0
What is the remainder when 413 is divided by 46?
45
What is the remainder when 418 is divided by 28?
26
Calculate the remainder when 1290 is divided by 38.
36
What is the remainder when 2168 is divided by 9?
8
Calculate the remainder when 351 is divided by 337.
14
What is the remainder when 343 is divided by 167?
9
What is the remainder when 550 is divided by 19?
18
What is the remainder when 2203 is divided by 29?
28
Calculate the remainder when 1918 is divided by 324.
298
Calculate the remainder when 278 is divided by 3.
2
What is the remainder when 205 is divided by 34?
1
Calculate the remainder when 1864 is divided by 232.
8
Calculate the remainder when 30429 is divided by 10.
9
What is the remainder when 2948 is divided by 82?
78
What is the remainder when 74 is divided by 69?
5
What is the remainder when 541 is divided by 107?
6
What is the remainder when 2878 is divided by 80?
78
What is the remainder when 259 is divided by 11?
6
What is the remainder when 95 is divided by 35?
25
What is the remainder when 2229 is divided by 72?
69
What is the remainder when 28 is divided by 23?
5
What is the remainder when 2696 is divided by 60?
56
What is the remainder when 172 is divided by 12?
4
Calculate the remainder when 599 is divided by 55.
49
Calculate the remainder when 2363 is divided by 23.
17
What is the remainder when 59 is divided by 55?
4
What is the remainder when 3292 is divided by 103?
99
What is the remainder when 186 is divided by 69?
48
Calculate the remainder when 205 is divided by 67.
4
What is the remainder when 22725 is divided by 24?
21
Calculate the remainder when 269 is divided by 55.
49
What is the remainder when 616 is divided by 69?
64
What is the remainder when 4286 is divided by 73?
52
Calculate the remainder when 57 is divided by 30.
27
What is the remainder when 208 is divided by 30?
28
What is the remainder when 808 is divided by 799?
9
What is the remainder when 66 is divided by 27?
12
Calculate the remainder when 3508 is divided by 581.
22
What is the remainder when 131 is divided by 28?
19
Calculate the remainder when 3921 is divided by 26.
21
What is the remainder when 380 is divided by 12?
8
What is the remainder when 34 is divided by 19?
15
Calculate the remainder when 1211 is divided by 34.
21
Calculate the remainder when 256 is divided by 62.
8
Calculate the remainder when 76 is divided by 3.
1
What is the remainder when 226 is divided by 2?
0
What is the remainder when 365 is divided by 93?
86
What is the remainder when 306 is divided by 14?
12
What is the remainder when 50 is divided by 9?
5
Calculate the remainder when 3437 is divided by 18.
17
Calculate the remainder when 757 is divided by 20.
17
Calculate the remainder when 2249 is divided by 43.
13
What is the remainder when 29 is divided by 3?
2
Calculate the remainder when 164 is divided by 67.
30
What is the remainder when 75 is divided by 21?
12
Calculate the remainder when 256 is divided by 26.
22
Calculate the remainder when 46 is divided by 33.
13
Calculate the remainder when 1140 is divided by 82.
74
What is the remainder when 234 is divided by 120?
114
Calculate the remainder when 1252 is divided by 44.
20
Calculate the remainder when 1077 is divided by 78.
63
Calculate the remainder when 17 is divided by 9.
8
Calculate the remainder when 155 is divided by 42.
29
What is the remainder when 142 is divided by 49?
44
What is the remainder when 391 is divid